7 + 20. Suppose -18 = -4*p + 5*b + 58, -44 = -4*p - j*b. What is the greatest common factor of 98 and p?
14
Suppose 0 = d + s - 83, -4*d + 4*s + 331 = 9*s. What is the greatest common factor of d and 672?
84
Let i be 1/(-2) + (-7)/((-14)/369). What is the greatest common divisor of 46 and i?
46
Let b = -1557 + 2293. What is the highest common factor of b and 64?
32
Let g(r) = -9*r - 4 - 2 + 13*r - 4. Let x be g(4). What is the greatest common factor of 48 and x?
6
Suppose 6*k = 2*k - 24. Let p(o) = -5*o + 13. Let r be p(k). Suppose -4*g = 7 - r. What is the greatest common factor of 27 and g?
9
Suppose -5*j = 2*h + 3*h - 20, -6 = j - 4*h. Let g = 2707 + -2691. Calculate the greatest common divisor of j and g.
2
Let b = 76 - 48. Let k = 35 - b. Calculate the greatest common divisor of k and 56.
7
Let y = 59 + -7. Suppose 0 = c + 3*j - 5*j - 576, 8 = -4*j. Calculate the greatest common factor of y and c.
52
Let l be (-8 - -3)*8/20. Let k(n) = -2*n**3 - 2*n**2 - 3*n - 5. Let g be k(l). Let i be 2/(-1*(-1)/g). Calculate the greatest common factor of i and 144.
18
Let m(p) = -6 - 2*p - 1 + 3. Let n be m(-4). Calculate the greatest common factor of 4 and n.
4
Suppose -m + 1313 = -2*l, -3*m = -2*l - 2103 - 1836. What is the highest common factor of 13 and m?
13
Let b = -58 + 114. Calculate the highest common factor of 4 and b.
4
Suppose 6*u - 2 = 5*u. Suppose u = -j + 3*j. Let r = j - -32. What is the greatest common factor of 33 and r?
33
Suppose 154*x - 152*x - 196 = 0. Let u = 8 + 6. What is the greatest common factor of x and u?
14
Suppose 2*h - h - 3 = 0. Suppose -4*z = -h*l + 26, -3*z - 59 + 12 = -5*l. Calculate the greatest common factor of 110 and l.
10
Let v be ((-10)/15)/((-1)/54). Let j = -238 - -382. Calculate the greatest common divisor of j and v.
36
Let k(a) = -a**3 + 5*a**2 + 6*a + 2. Let b be k(6). Let v(q) = -1 + 3*q**b - 4*q - 2*q + 8*q. Let r be v(-3). What is the greatest common divisor of r and 180?
20
Suppose 3*x - 6*x - 57 = 0. Let d = 50 + x. What is the greatest common divisor of 93 and d?
31
Let c = 50 - 138. Let z = -73 - c. What is the highest common divisor of z and 3?
3
Let q(j) = -j**2 + 2*j + 20. Let i be 5 + (-12 - 3)/3. Let y be q(i). What is the highest common factor of y and 20?
20
Suppose 4*q = 8*q - 204. Calculate the greatest common divisor of 3 and q.
3
Let y = 41 + -39. Suppose -3*b - 109 = -2*f, f - 3*b - y*b - 51 = 0. What is the greatest common factor of 392 and f?
56
Suppose -4*w + 2*w + 2 = 0. Suppose -o + 3 - w = 0. Let t be o/13 + (-912)/(-156). Calculate the highest common factor of 3 and t.
3
Suppose 5*m - 29 = 2*m - 4*a, 0 = 2*m + 4*a - 26. Suppose 399 - m = 9*u. What is the highest common factor of u and 11?
11
Let z(t) = 2*t**2 + 17*t + 47. Let q be z(-5). What is the greatest common divisor of q and 32?
4
Suppose -355 = -3*p + m, 0*p + 3*p + m = 365. Calculate the greatest common divisor of p and 520.
40
Let o(n) be the second derivative of -7*n**3/6 - 20*n**2 - 4*n. Let h be o(-16). Let q be 7*1*h/126. Calculate the highest common divisor of q and 8.
4
Let w be (-2 + (1 - -2))/(5/165). What is the highest common divisor of 55 and w?
11
Let r(d) = 2*d**2 - 11*d + 9. Let c(m) = m**2 - 3*m + 2. Let g be c(4). Let q be r(g). What is the highest common divisor of 75 and q?
15
Let n be (-1)/(((-384)/(-93))/(-4) + 1). Suppose 0 = 23*v - 26*v + 279. What is the greatest common divisor of n and v?
31
Suppose -o - 2*h + 44 = -9, -h = -2*o + 101. Let p = 38 - 21. What is the highest common divisor of o and p?
17
Let v(c) = -c**3 + 9*c**2 - 4. Let y be v(9). Let b be 2596/16 - (-1)/y. Calculate the highest common divisor of 18 and b.
18
Suppose 2*k - 126 = -k. Suppose 1570*a = 1562*a + 168. Calculate the highest common factor of k and a.
21
Suppose -4*c - d - 4*d = -22, -4*d = c. Let h = c + -17. Let i = 11 - h. Calculate the greatest common factor of 20 and i.
20
Suppose -7*l + 18 = -2*l - 3*s, -4*s = -16. Suppose 4*f + 2*b + 32 = 0, -f + l*b - b = 8. Let k = f + 16. Calculate the highest common factor of k and 32.
8
Suppose 0 = 4*j + t - 53, -j + 6 = -2*t - 14. Let o(r) = r**2 - 9*r + 4. Let p be o(10). Suppose -9*n = -11*n + p. What is the highest common factor of j and n?
7
Let a = 639 - 493. What is the highest common factor of a and 73?
73
Suppose -120 = -94*c + 89*c. Calculate the highest common divisor of 156 and c.
12
Suppose -5*q - 2*i = -250, -31 - 27 = -q - 2*i. Calculate the highest common factor of q and 3.
3
Let z = 15 + 352. Suppose -4*q + z + 241 = -4*v, 2*q = 5*v + 319. What is the highest common divisor of 21 and q?
21
Let q(v) = -v**3 + 8*v**2 + v + 3. Let w be q(8). Suppose -4*c = -g + 2*g - 97, -c = -5. What is the greatest common factor of g and w?
11
Let q(h) = h**3 + 2*h**2 - 15*h + 21. Let o be q(2). What is the highest common divisor of 7 and o?
7
Suppose 16 = -23*q + 39. What is the highest common factor of 227 and q?
1
Suppose -17 = -3*b + 4*c + c, 0 = -b + 3*c + 7. Let g(d) = -3*d - 5 - b*d + 4*d + 0*d. Let o be g(-4). Calculate the highest common divisor of o and 42.
7
Let r(j) = -9*j + 3. Let y be r(-7). Suppose -5*b = -b - 20. Suppose -u = 3*p + 2*u - 57, 125 = b*p - 5*u. What is the greatest common divisor of y and p?
22
Let r = -8 + 13. Suppose 3*q + 5*k = -88, 2*q + 160 = -3*q + 5*k. Let t be -1*5 + q + 56. What is the greatest common divisor of r and t?
5
Suppose -170*j + 179*j = 153. Suppose 0 = -4*a - 2*l - 3*l + 758, a + 4*l - 195 = 0. Calculate the greatest common divisor of a and j.
17
Let q(b) = -2*b + 7. Suppose 2*z + 4 + 2 = 0. Let a be q(z). What is the highest common divisor of a and 104?
13
Let k be -51*(-1)/4*288/(-24). Let f = 303 + k. What is the highest common factor of f and 50?
50
Suppose 0*f + l + 422 = 4*f, -2*l - 214 = -2*f. Suppose f = 2*u - 75. Calculate the greatest common factor of 36 and u.
18
Let f(q) = -2*q**2 + 14*q - 1. Let j be f(6). Suppose j = m - 6. Calculate the greatest common factor of m and 17.
17
Let n(b) be the third derivative of -b**4/12 + b**3 + 41*b**2. Let u be n(2). Suppose 3*z = 59 - 11. What is the highest common factor of z and u?
2
Let n(f) = -15 - 8*f - 3 + 3. Let j be n(-5). Calculate the greatest common divisor of 200 and j.
25
Suppose 7 = -4*r + 3. Let j be (r + 1)/(4 + -6). Suppose j*p + 3*p - 48 = 0. Calculate the highest common divisor of 16 and p.
16
Let w = 16 - 6. Let h = 36 + 22. Let f = h - 48. Calculate the highest common factor of f and w.
10
Let f(h) = -h**3 - 12*h**2 + 4*h + 34. Let u be f(-14). Calculate the greatest common factor of u and 592.
74
Let a(v) = -10*v - 26. Let c be a(-6). Let s = -156 + 292. Suppose -3*m + m + s = 0. What is the highest common divisor of m and c?
34
Suppose 42009 = -26*o + 93*o. Calculate the highest common divisor of 114 and o.
57
Suppose -3*r = 4*j - 196, -4*j = 4*r - 231 - 25. Calculate the greatest common factor of r and 12.
12
Let z be (-42)/(-56) + (-3)/(-12). Let k = -28 + 20. Let c = z - k. Calculate the greatest common factor of 27 and c.
9
Let i = 8 - 19. Let w = -7 - i. Let u(h) = 22*h + 226. Let t be u(-9). Calculate the greatest common factor of t and w.
4
Let l be (-10)/(10/(-3)) + 3/1. Calculate the greatest common divisor of l and 402.
6
Let j be (-2)/12*(234/4)/((-57)/76). Let b = 45 - -72. What is the highest common divisor of j and b?
13
Suppose 2*s + 2*s - n - 161 = 0, -197 = -5*s - 3*n. Let j = s + 10. What is the greatest common divisor of 300 and j?
50
Let x be (-782)/(-85)*5/2. What is the greatest common divisor of 506 and x?
23
Let z be 8*10/(-8)*1. Let h be (-5)/z*(36 - -4). Let b be 20/((6 + -2)/2). Calculate the greatest common factor of h and b.
10
Let b(j) = j + 5. Let f be b(6). Suppose 0 = -4*p + f*p - 112. Calculate the greatest common divisor of p and 64.
16
Let m(l) = 88*l - 255. Let n be m(32). What is the highest common divisor of n and 13?
13
Let k(f) = -f**3 - 14*f**2 - 14*f - 10. Let b be k(-13). Let y be -6*(1 - 0)*-2. What is the highest common divisor of b and y?
3
Suppose -7*w + 2*w - 25 = -3*b, -2*b = 4*w - 2. Suppose -3*u + h + 98 = -h, 0 = -b*u - 4*h + 200. What is the highest common divisor of 9 and u?
9
Let s = 443 - 383. Calculate the greatest common factor of 80 and s.
20
Suppose -6*m = -224 + 98. Suppose 5*r = -z - 24,